t is the units digit of 2251376?
6
What is the thousands digit of 7273?
7
What is the tens digit of 1741313?
1
What is the thousands digit of 1198575?
8
What is the hundred thousands digit of 237283?
2
What is the tens digit of 17055476?
7
What is the units digit of 1088009?
9
What is the tens digit of 1726047?
4
What is the hundred thousands digit of 23661964?
6
What is the ten thousands digit of 1690638?
9
What is the ten thousands digit of 23433085?
3
What is the millions digit of 1779662?
1
What is the tens digit of 133191?
9
What is the thousands digit of 2466227?
6
What is the ten thousands digit of 3854674?
5
What is the thousands digit of 2030890?
0
What is the thousands digit of 9862317?
2
What is the tens digit of 181008?
0
What is the thousands digit of 1091001?
1
What is the tens digit of 195139?
3
What is the tens digit of 19467?
6
What is the hundreds digit of 300023?
0
What is the units digit of 128193?
3
What is the tens digit of 12662326?
2
What is the ten thousands digit of 776552?
7
What is the hundreds digit of 987248?
2
What is the thousands digit of 1212764?
2
What is the ten thousands digit of 17156996?
5
What is the ten thousands digit of 680408?
8
What is the thousands digit of 2526303?
6
What is the hundreds digit of 10191771?
7
What is the tens digit of 409941?
4
What is the ten thousands digit of 5632627?
3
What is the thousands digit of 249191?
9
What is the ten millions digit of 11614577?
1
What is the hundred thousands digit of 136630?
1
What is the ten thousands digit of 149972?
4
What is the units digit of 20797041?
1
What is the millions digit of 3436809?
3
What is the thousands digit of 649172?
9
What is the millions digit of 11669200?
1
What is the hundreds digit of 433028?
0
What is the units digit of 83779?
9
What is the millions digit of 39924050?
9
What is the hundred thousands digit of 148209?
1
What is the thousands digit of 564527?
4
What is the hundreds digit of 297568?
5
What is the hundred thousands digit of 5452030?
4
What is the hundreds digit of 3919556?
5
What is the thousands digit of 33601300?
1
What is the units digit of 1787340?
0
What is the tens digit of 20920?
2
What is the thousands digit of 1450561?
0
What is the ten thousands digit of 288214?
8
What is the tens digit of 12444939?
3
What is the ten thousands digit of 310200?
1
What is the thousands digit of 3861818?
1
What is the ten thousands digit of 709725?
0
What is the ten thousands digit of 26821569?
2
What is the hundred thousands digit of 21380824?
3
What is the hundred thousands digit of 2564432?
5
What is the thousands digit of 675130?
5
What is the units digit of 2428085?
5
What is the hundred thousands digit of 8906054?
9
What is the hundred thousands digit of 5330315?
3
What is the units digit of 71936?
6
What is the hundred thousands digit of 285610?
2
What is the ten thousands digit of 156179?
5
What is the ten thousands digit of 14013105?
1
What is the hundred thousands digit of 201620?
2
What is the hundred thousands digit of 2192932?
1
What is the units digit of 12078188?
8
What is the tens digit of 4216867?
6
What is the hundred thousands digit of 17294043?
2
What is the thousands digit of 263639?
3
What is the tens digit of 392306?
0
What is the thousands digit of 9437?
9
What is the units digit of 7804555?
5
What is the millions digit of 15360139?
5
What is the ten thousands digit of 1927224?
2
What is the hundred thousands digit of 178674?
1
What is the ten thousands digit of 5600021?
0
What is the thousands digit of 1671652?
1
What is the hundred thousands digit of 5891045?
8
What is the ten thousands digit of 7779415?
7
What is the hundreds digit of 23546978?
9
What is the units digit of 475163?
3
What is the ten thousands digit of 181806?
8
What is the hundred thousands digit of 41198054?
1
What is the ten thousands digit of 14533352?
3
What is the hundreds digit of 455795?
7
What is the hundreds digit of 4484431?
4
What is the units digit of 6592877?
7
What is the tens digit of 342104?
0
What is the ten thousands digit of 1005481?
0
What is the hundreds digit of 120551?
5
What is the hundred thousands digit of 277008?
2
What is the hundreds digit of 45624?
6
What is the tens digit of 453623?
2
What is the hundreds digit of 357603?
6
What is the units digit of 4003701?
1
What is the hundred thousands digit of 1581555?
5
What is the millions digit of 2301236?
2
What is the hundreds digit of 1041339?
3
What is the units digit of 3258738?
8
What is the hundreds digit of 546190?
1
What is the hundred thousands digit of 294522?
2
What is the hundreds digit of 157373?
3
What is the units digit of 195921?
1
What is the tens digit of 6322846?
4
What is the units digit of 5425545?
5
What is the thousands digit of 612313?
2
What is the thousands digit of 320427?
0
What is the tens digit of 1503329?
2
What is the ten thousands digit of 884449?
8
What is the hundreds digit of 872168?
1
What is the units digit of 6694932?
2
What is the ten thousands digit of 92336?
9
What is the hundred thousands digit of 12923604?
9
What is the units digit of 5704901?
1
What is the units digit of 841507?
7
What is the millions digit of 3440242?
3
What is the hundreds digit of 10833569?
5
What is the units digit of 627276?
6
What is the hundreds digit of 1245864?
8
What is the ten thousands digit of 105538?
0
What is the thousands digit of 40475?
0
What is the units digit of 930835?
5
What is the hundred thousands digit of 2901231?
9
What is the ten thousands digit of 539792?
3
What is the units digit of 275709?
9
What is the ten thousands digit of 126308?
2
What is the hundred thousands digit of 2004077?
0
What is the hundreds digit of 8960?
9
What is the hundreds digit of 10262757?
7
What is the hundred thousands digit of 442956?
4
What is the hundreds digit of 275412?
4
What is the hundred thousands digit of 179261?
1
What is the tens digit of 133600?
0
What is the units digit of 1057023?
3
What is the millions digit of 2234445?
2
What is the tens digit of 1002328?
2
What is the hundreds digit of 1559519?
5
What is the ten thousands digit of 15800211?
0
What is the hundred thousands digit of 2177467?
1
What is the units digit of 588209?
9
What is the units digit of 2378882?
2
What is the hundreds digit of 456077?
0
What is the units digit of 4220105?
5
What is the tens digit of 664553?
5
What is the units digit of 150262?
2
What is the tens digit of 357889?
8
What is the hundred thousands digit of 14714134?
7
What is the units digit of 650214?
4
What is the units digit of 14184180?
0
What is the ten thousands digit of 117678?
1
What is the ten thousands digit of 439065?
3
What is the tens digit of 951265?
6
What is the tens digit of 22647418?
1
What is the tens digit of 6018410?
1
What is the hundred thousands digit of 273278?
2
What is the ten thousands digit of 800286?
0
What is the ten thousands digit of 1026717?
2
What is the hundred thousands digit of 305149?
3
What is the thousands digit of 270653?
0
What is the ten thousands digit of 4956565?
5
What is the ten thousands digit of 701877?
0
What is the hundred thousands digit of 580068?
5
What is the thousands digit of 57240?
7
What is the tens digit of 916314?
1
What is the ten thousands digit of 576011?
7
What is the hundred thousands digit of 996054?
9
What is the tens digit of 10745465?
6
What is the millions digit of 1116759?
1
What is the hundred thousands digit of 184541?
1
What is the units digit of 8859150?
0
What is the units digit of 8237651?
1
What is the hundreds digit of 1539578?
5
What is the thousands digit of 2615439?
5
What is the hundred thousands digit of 17458690?
4
What is the thousands digit of 887469?
7
What is the tens digit of 3665956?
5
What is the millions digit of 2119139?
2
What is the thousands digit of 1542426?
2
What is the hundred thousands digit of 1953112?
9
What is the units digit of 378176?
6
What is the ten thousands digit of 2371836?
7
What is the units digit of 1691217?
7
What is the tens digit of 473562?
6
What is the millions digit of 2844659?
2
What is the hundreds digit of 228163?
1
What is the hundreds digit of 268155?
1
What is the tens digit of 844219?
1
What is the ten thousands digit of 4911130?
1
What is the tens digit of 22053